13, what is 97983 + 359?
9800c
In base 12, what is -2 - 1972553?
-1972555
In base 11, what is -61503 + -4327?
-6582a
In base 9, what is 17601701 + 14?
17601715
In base 5, what is -44313342 + -30?
-44313422
In base 9, what is 4 + 12143255?
12143260
In base 9, what is 8316 + 12236?
21553
In base 15, what is -e5dad5d + -2?
-e5dad60
In base 5, what is -4 - -220343411?
220343402
In base 3, what is 11101 + -10221012002020?
-10221011220212
In base 11, what is 4520796 - 5?
4520791
In base 15, what is 1 - a1772c?
-a1772b
In base 8, what is -27 + -666102?
-666131
In base 2, what is -1111 - -10001010101000001111?
10001010101000000000
In base 16, what is -1 + -3a896b?
-3a896c
In base 4, what is -1010231310 + 23?
-1010231221
In base 5, what is 101040 - 1044242?
-443202
In base 9, what is -31078 - 2382?
-33471
In base 12, what is 1b0520a - 64?
1b05166
In base 13, what is 7988079 - 5?
7988074
In base 8, what is 126 + -66533?
-66405
In base 6, what is -1552042350 - 5?
-1552042355
In base 14, what is 1 + -c71b78?
-c71b77
In base 10, what is -693 + 413450?
412757
In base 5, what is -244 - -321430323?
321430024
In base 6, what is 11023 + -240343?
-225320
In base 8, what is -272170247 - 4?
-272170253
In base 12, what is 6a70 - -1000?
7a70
In base 13, what is -cac9c02 - 5?
-cac9c07
In base 9, what is 3 + -217548635?
-217548632
In base 10, what is 1376 - 152715?
-151339
In base 7, what is -52 - 346424?
-346506
In base 12, what is -11 + 144378?
144367
In base 10, what is 5 + 5230241?
5230246
In base 7, what is 2421223 - -5224?
2426450
In base 14, what is -8ac863 + -31?
-8ac894
In base 5, what is 304 - 22220433?
-22220124
In base 14, what is 3 + -70b4677?
-70b4674
In base 2, what is -11101 - 11000001010111101101111?
-11000001010111110001100
In base 10, what is 4 + -509966?
-509962
In base 14, what is dc1ad3 - -5?
dc1ad8
In base 16, what is -4 - b2dc9f?
-b2dca3
In base 5, what is 21223304314 - -12?
21223304331
In base 3, what is 221 + 111120020211?
111120021202
In base 7, what is -53540622 + 4?
-53540615
In base 16, what is ce001 - 0?
ce001
In base 12, what is 171 - -3140?
32b1
In base 15, what is 23c0013 + 2?
23c0015
In base 9, what is 154637 - 6361?
147266
In base 16, what is 3 + -4afc34?
-4afc31
In base 9, what is 15 - 35561278?
-35561263
In base 8, what is -2052 - 731741?
-734013
In base 16, what is 6598 - -2486?
8a1e
In base 13, what is 1a + 501bc?
50209
In base 4, what is 102022232202012 + 11?
102022232202023
In base 14, what is -2d3aca + 16?
-2d3ab4
In base 11, what is -671140 - -55?
-671096
In base 3, what is -122100 + 11022220?
10200120
In base 3, what is -22022110200 - -102?
-22022110021
In base 2, what is -10110111100000000101010 + -1000001?
-10110111100000001101011
In base 13, what is 21912 + -1049?
20896
In base 15, what is 1 + 7c6ca?
7c6cb
In base 4, what is 113 - 112030130013?
-112030123300
In base 6, what is -1 + 21140110521?
21140110520
In base 11, what is -838 + -177215?
-177a52
In base 15, what is -4 - 950403a?
-950403e
In base 11, what is 4 - a9385293?
-a938528a
In base 14, what is -45 + 1d274?
1d22d
In base 10, what is 2366225 + -1?
2366224
In base 10, what is 727556 + 3?
727559
In base 2, what is 100 + -10000000111110111010001?
-10000000111110111001101
In base 5, what is -230221034 + -143?
-230221232
In base 9, what is -2 + -248203273?
-248203275
In base 16, what is -1c0847 + -95?
-1c08dc
In base 11, what is -1949903a - -5?
-19499035
In base 16, what is -1a9701 - -9e?
-1a9663
In base 16, what is -4738e7 + 28?
-4738bf
In base 9, what is -2018603 + 0?
-2018603
In base 6, what is -10 - 21525400?
-21525410
In base 5, what is 1102330000 + -23?
1102324422
In base 7, what is -15513426634 - -5?
-15513426626
In base 6, what is -114 + -130344055?
-130344213
In base 5, what is 30312232 - -24?
30312311
In base 3, what is 12 + -11000210002020?
-11000210002001
In base 10, what is 2078606 - 346?
2078260
In base 2, what is -100011011001 + -10000000101111?
-10100100001000
In base 4, what is -11 - 2321120220?
-2321120231
In base 8, what is -606545140 + 1?
-606545137
In base 6, what is 111033 + -3001?
104032
In base 4, what is 30210321 - -1122102?
31333023
In base 14, what is -15bd51a + -4?
-15bd520
In base 12, what is -13 + 3292325?
3292312
In base 11, what is -8 - -143a418?
143a410
In base 14, what is cd3 + -30767?
-2d874
In base 2, what is -1001001001101011000010 - -100011?
-1001001001101010011111
In base 12, what is -135a21a0 - -5?
-135a2197
In base 8, what is 2125222 + -1175?
2124025
In base 10, what is -378459 + 273?
-378186
In base 8, what is 14 + -734735?
-734721
In base 15, what is -867d + 51?
-862c
In base 3, what is -112221 - -2021011?
1201020
In base 4, what is 100 + 2012300?
2013000
In base 10, what is 79643356 + 2?
79643358
In base 4, what is -3112110321 + 10?
-3112110311
In base 3, what is -2111120100211021 + -1?
-2111120100211022
In base 5, what is 20 + -3313040?
-3313020
In base 15, what is 1b7d + 2dd?
1e6b
In base 16, what is -684f56 - 9d?
-684ff3
In base 16, what is 7a17 - -12c8?
8cdf
In base 11, what is -2a151 - 813a?
-37290
In base 2, what is 1100111011110111010 - -1000110?
1100111100000000000
In base 5, what is 4 + 304343243043?
304343243102
In base 9, what is 1221247 + 15?
1221263
In base 4, what is 122 - 121033202?
-121033020
In base 7, what is 20125560201 + -3?
20125560165
In base 16, what is 1bb93 + -20e?
1b985
In base 16, what is -652 + -85b?
-ead
In base 6, what is -545553 - 12400?
-1002353
In base 16, what is 5 + 4858c6?
4858cb
In base 14, what is d1c859 + -4?
d1c855
In base 4, what is -21013313012 + -1?
-21013313013
In base 12, what is 1832025 + -1?
1832024
In base 9, what is -8 - 3306374?
-3306383
In base 2, what is 10 + 1010101101110011010101?
1010101101110011010111
In base 15, what is -104 - -1156?
1052
In base 2, what is 0 - 10011110000110001111?
-10011110000110001111
In base 7, what is 4015546 - -2540?
4021416
In base 14, what is -117c - 487b?
-5a19
In base 5, what is 10 + -1013411444?
-1013411434
In base 11, what is 145aa82 + 1?
145aa83
In base 3, what is 1012202001222 + -10220?
1012201221002
In base 11, what is 905 + 5486?
6290
In base 15, what is -1351 + -acb?
-1e2c
In base 16, what is 75cac - -7d?
75d29
In base 8, what is 600 - 111436?
-110636
In base 15, what is 183dbd5 - 4?
183dbd1
In base 5, what is -1 - -3342221420?
3342221414
In base 12, what is -8 + -9b9138?
-9b9144
In base 7, what is -13666445 + 51?
-13666364
In base 10, what is -5392406 + -1?
-5392407
In base 3, what is -22211200 - -2220222?
-12220201
In base 6, what is 200242040 - 155?
200241441
In base 4, what is -1013332 - -1103?
-1012223
In base 15, what is 2646 - -56d?
2bb4
In base 12, what is a - -96923?
96931
In base 7, what is 20366 - -1142434?
1163133
In base 15, what is 3ed - -82b0?
86ad
In base 8, what is 1747465 + 157?
1747644
In base 11, what is -7626 - 11494?
-1900a
In base 6, what is -2 + -23113302?
-23113304
In base 15, what is -4 + 625be9?
625be5
In base 8, what is 63271 - -312?
63603
In base 11, what is -1611 - 94a71?
-96582
In base 6, what is 45 - 1420453?
-1420404
In base 6, what is 1033532440 + 2?
1033532442
In base 3, what is 2 - 2210211100011?
-2210211100002
In base 2, what is 11100110100 - 10001110110101?
-1110010000001
In base 5, what is 411014 + -313021?
42443
In base 5, what is 131244122343 - -4?
131244122402
In base 12, what is 182ab92 - -5?
182ab97
In base 10, what is 1 + -1945186?
-1945185
In base 4, what is -123201031123 - 1?
-123201031130
In base 2, what is -1000011111110111110001000 + 100?
-1000011111110111110000100
In base 7, what is 13343 - -10000?
23343
In base 12, what is -1b5 + -242a?
-2623
In base 13, what is -16 + -11a7c35?
-11a7c4b
In base 11, what is -266466 - -199?
-266278
In base 13, what is 7 - 1b041?
-1b037
In base 14, what is 28d - 1795?
-1506
In base 14, what is 2bb - 276ab?
-273d0
In base 13, what is -b78a54 + -6?
-b78a5a
In base 11, what is -18 + -5a54657?
-5a54674
In base 2, what is -11001100001100 + -11110010011001?
-110111110100101
In base 3, what is 1110122 - -2110002021011?
2110010201210
In base 6, what is -1124105531 - 0?
-1124105531
In base 7, what is -2 + -3511512650?
-3511512652
In base 3, what is -1110121012022 - -1112?
-1110121010210
In base 3, what is -1 + 20100200100?
20100200022
In base 3, what is 100